{"id":11707,"date":"2023-09-21T13:22:31","date_gmt":"2023-09-21T13:22:31","guid":{"rendered":"https:\/\/ctmregionalpartnershipboard.co.uk\/faqs\/how-do-you-know-these-priorities-matter-to-people-with-dementia\/"},"modified":"2023-11-01T08:55:48","modified_gmt":"2023-11-01T08:55:48","slug":"how-do-you-know-these-priorities-matter-to-people-with-dementia","status":"publish","type":"faqs","link":"https:\/\/ctmregionalpartnershipboard.co.uk\/cy\/faqs\/how-do-you-know-these-priorities-matter-to-people-with-dementia\/","title":{"rendered":"Sut ydych chi&#8217;n gwybod bod y blaenoriaethau hyn yn bwysig i bobl \u00e2 dementia?"},"content":{"rendered":"<p>Rydyn ni\u2019n gweithio&#8217;n galed i ymgynghori, ymgysylltu a chydgynhyrchu \u00e2 phobl sydd \u00e2 phrofiadau byw. Cafodd Safonau Gofal Dementia Cymru Gyfan, yr ydyn ni\u2019n gweithio tuag at eu gweithredu, eu cyd-gynhyrchu gan 1800 o bobl \u00e2 phrofiad byw. Law yn llaw \u00e2 hyn rydyn ni wedi cynnal sawl digwyddiad a chyfleoedd i bobl ymuno \u00e2 ni i ddylanwadu ar newidiadau i wasanaethau, a siarad am y pethau sy&#8217;n bwysig iddyn nhw. Rydyn ni wedi blaenoriaethu gweithio gyda phobl sydd wedi cael profiad byw a byddwn ni\u2019n parhau \u00e2&#8217;r sgyrsiau a gawsom, a chyfleoedd i gyd-gynhyrchu a chyd-ddylunio ein gwasanaethau wrth symud ymlaen.<\/p>\n","protected":false},"featured_media":0,"template":"","class_list":["post-11707","faqs","type-faqs","status-publish","hentry"],"acf":[],"yoast_head":"<!-- This site is optimized with the Yoast SEO plugin v26.9 - https:\/\/yoast.com\/product\/yoast-seo-wordpress\/ -->\n<title>Sut ydych chi&#039;n gwybod bod y blaenoriaethau hyn yn bwysig i bobl \u00e2 dementia? - CTM<\/title>\n<meta name=\"robots\" content=\"index, follow, max-snippet:-1, max-image-preview:large, max-video-preview:-1\" \/>\n<link rel=\"canonical\" href=\"https:\/\/ctmregionalpartnershipboard.co.uk\/cy\/faqs\/how-do-you-know-these-priorities-matter-to-people-with-dementia\/\" \/>\n<meta property=\"og:locale\" content=\"cy_GB\" \/>\n<meta property=\"og:type\" content=\"article\" \/>\n<meta property=\"og:title\" content=\"Sut ydych chi&#039;n gwybod bod y blaenoriaethau hyn yn bwysig i bobl \u00e2 dementia? - CTM\" \/>\n<meta property=\"og:description\" content=\"Rydyn ni\u2019n gweithio&#8217;n galed i ymgynghori, ymgysylltu a chydgynhyrchu \u00e2 phobl sydd \u00e2 phrofiadau byw. Cafodd Safonau Gofal Dementia Cymru Gyfan, yr ydyn ni\u2019n gweithio tuag at eu gweithredu, eu cyd-gynhyrchu gan 1800 o bobl \u00e2 phrofiad byw. Law yn llaw \u00e2 hyn rydyn ni wedi cynnal sawl digwyddiad a chyfleoedd i bobl ymuno \u00e2 [&hellip;]\" \/>\n<meta property=\"og:url\" content=\"https:\/\/ctmregionalpartnershipboard.co.uk\/cy\/faqs\/how-do-you-know-these-priorities-matter-to-people-with-dementia\/\" \/>\n<meta property=\"og:site_name\" content=\"CTM\" \/>\n<meta property=\"article:modified_time\" content=\"2023-11-01T08:55:48+00:00\" \/>\n<meta name=\"twitter:card\" content=\"summary_large_image\" \/>\n<meta name=\"twitter:label1\" content=\"Est. reading time\" \/>\n\t<meta name=\"twitter:data1\" content=\"1 minute\" \/>\n<script type=\"application\/ld+json\" class=\"yoast-schema-graph\">{\"@context\":\"https:\/\/schema.org\",\"@graph\":[{\"@type\":\"WebPage\",\"@id\":\"https:\/\/ctmregionalpartnershipboard.co.uk\/cy\/faqs\/how-do-you-know-these-priorities-matter-to-people-with-dementia\/\",\"url\":\"https:\/\/ctmregionalpartnershipboard.co.uk\/cy\/faqs\/how-do-you-know-these-priorities-matter-to-people-with-dementia\/\",\"name\":\"Sut ydych chi'n gwybod bod y blaenoriaethau hyn yn bwysig i bobl \u00e2 dementia? - CTM\",\"isPartOf\":{\"@id\":\"https:\/\/ctmregionalpartnershipboard.co.uk\/#website\"},\"datePublished\":\"2023-09-21T13:22:31+00:00\",\"dateModified\":\"2023-11-01T08:55:48+00:00\",\"breadcrumb\":{\"@id\":\"https:\/\/ctmregionalpartnershipboard.co.uk\/cy\/faqs\/how-do-you-know-these-priorities-matter-to-people-with-dementia\/#breadcrumb\"},\"inLanguage\":\"cy-GB\",\"potentialAction\":[{\"@type\":\"ReadAction\",\"target\":[\"https:\/\/ctmregionalpartnershipboard.co.uk\/cy\/faqs\/how-do-you-know-these-priorities-matter-to-people-with-dementia\/\"]}]},{\"@type\":\"BreadcrumbList\",\"@id\":\"https:\/\/ctmregionalpartnershipboard.co.uk\/cy\/faqs\/how-do-you-know-these-priorities-matter-to-people-with-dementia\/#breadcrumb\",\"itemListElement\":[{\"@type\":\"ListItem\",\"position\":1,\"name\":\"Home\",\"item\":\"https:\/\/ctmregionalpartnershipboard.co.uk\/cy\/home-2024\/\"},{\"@type\":\"ListItem\",\"position\":2,\"name\":\"Sut ydych chi&#8217;n gwybod bod y blaenoriaethau hyn yn bwysig i bobl \u00e2 dementia?\"}]},{\"@type\":\"WebSite\",\"@id\":\"https:\/\/ctmregionalpartnershipboard.co.uk\/#website\",\"url\":\"https:\/\/ctmregionalpartnershipboard.co.uk\/\",\"name\":\"CTM\",\"description\":\"Improving the health, social care and wellbeing of people living in Rhondda Cynon Taf, Bridgend and Merthyr Tydfil\",\"potentialAction\":[{\"@type\":\"SearchAction\",\"target\":{\"@type\":\"EntryPoint\",\"urlTemplate\":\"https:\/\/ctmregionalpartnershipboard.co.uk\/?s={search_term_string}\"},\"query-input\":{\"@type\":\"PropertyValueSpecification\",\"valueRequired\":true,\"valueName\":\"search_term_string\"}}],\"inLanguage\":\"cy-GB\"}]}<\/script>\n<!-- \/ Yoast SEO plugin. -->","yoast_head_json":{"title":"Sut ydych chi'n gwybod bod y blaenoriaethau hyn yn bwysig i bobl \u00e2 dementia? - CTM","robots":{"index":"index","follow":"follow","max-snippet":"max-snippet:-1","max-image-preview":"max-image-preview:large","max-video-preview":"max-video-preview:-1"},"canonical":"https:\/\/ctmregionalpartnershipboard.co.uk\/cy\/faqs\/how-do-you-know-these-priorities-matter-to-people-with-dementia\/","og_locale":"cy_GB","og_type":"article","og_title":"Sut ydych chi'n gwybod bod y blaenoriaethau hyn yn bwysig i bobl \u00e2 dementia? - CTM","og_description":"Rydyn ni\u2019n gweithio&#8217;n galed i ymgynghori, ymgysylltu a chydgynhyrchu \u00e2 phobl sydd \u00e2 phrofiadau byw. Cafodd Safonau Gofal Dementia Cymru Gyfan, yr ydyn ni\u2019n gweithio tuag at eu gweithredu, eu cyd-gynhyrchu gan 1800 o bobl \u00e2 phrofiad byw. Law yn llaw \u00e2 hyn rydyn ni wedi cynnal sawl digwyddiad a chyfleoedd i bobl ymuno \u00e2 [&hellip;]","og_url":"https:\/\/ctmregionalpartnershipboard.co.uk\/cy\/faqs\/how-do-you-know-these-priorities-matter-to-people-with-dementia\/","og_site_name":"CTM","article_modified_time":"2023-11-01T08:55:48+00:00","twitter_card":"summary_large_image","twitter_misc":{"Est. reading time":"1 minute"},"schema":{"@context":"https:\/\/schema.org","@graph":[{"@type":"WebPage","@id":"https:\/\/ctmregionalpartnershipboard.co.uk\/cy\/faqs\/how-do-you-know-these-priorities-matter-to-people-with-dementia\/","url":"https:\/\/ctmregionalpartnershipboard.co.uk\/cy\/faqs\/how-do-you-know-these-priorities-matter-to-people-with-dementia\/","name":"Sut ydych chi'n gwybod bod y blaenoriaethau hyn yn bwysig i bobl \u00e2 dementia? - CTM","isPartOf":{"@id":"https:\/\/ctmregionalpartnershipboard.co.uk\/#website"},"datePublished":"2023-09-21T13:22:31+00:00","dateModified":"2023-11-01T08:55:48+00:00","breadcrumb":{"@id":"https:\/\/ctmregionalpartnershipboard.co.uk\/cy\/faqs\/how-do-you-know-these-priorities-matter-to-people-with-dementia\/#breadcrumb"},"inLanguage":"cy-GB","potentialAction":[{"@type":"ReadAction","target":["https:\/\/ctmregionalpartnershipboard.co.uk\/cy\/faqs\/how-do-you-know-these-priorities-matter-to-people-with-dementia\/"]}]},{"@type":"BreadcrumbList","@id":"https:\/\/ctmregionalpartnershipboard.co.uk\/cy\/faqs\/how-do-you-know-these-priorities-matter-to-people-with-dementia\/#breadcrumb","itemListElement":[{"@type":"ListItem","position":1,"name":"Home","item":"https:\/\/ctmregionalpartnershipboard.co.uk\/cy\/home-2024\/"},{"@type":"ListItem","position":2,"name":"Sut ydych chi&#8217;n gwybod bod y blaenoriaethau hyn yn bwysig i bobl \u00e2 dementia?"}]},{"@type":"WebSite","@id":"https:\/\/ctmregionalpartnershipboard.co.uk\/#website","url":"https:\/\/ctmregionalpartnershipboard.co.uk\/","name":"CTM","description":"Improving the health, social care and wellbeing of people living in Rhondda Cynon Taf, Bridgend and Merthyr Tydfil","potentialAction":[{"@type":"SearchAction","target":{"@type":"EntryPoint","urlTemplate":"https:\/\/ctmregionalpartnershipboard.co.uk\/?s={search_term_string}"},"query-input":{"@type":"PropertyValueSpecification","valueRequired":true,"valueName":"search_term_string"}}],"inLanguage":"cy-GB"}]}},"_links":{"self":[{"href":"https:\/\/ctmregionalpartnershipboard.co.uk\/cy\/wp-json\/wp\/v2\/faqs\/11707","targetHints":{"allow":["GET"]}}],"collection":[{"href":"https:\/\/ctmregionalpartnershipboard.co.uk\/cy\/wp-json\/wp\/v2\/faqs"}],"about":[{"href":"https:\/\/ctmregionalpartnershipboard.co.uk\/cy\/wp-json\/wp\/v2\/types\/faqs"}],"wp:attachment":[{"href":"https:\/\/ctmregionalpartnershipboard.co.uk\/cy\/wp-json\/wp\/v2\/media?parent=11707"}],"curies":[{"name":"wp","href":"https:\/\/api.w.org\/{rel}","templated":true}]}}

Sut ydych chi&#8217;n gwybod bod y blaenoriaethau hyn yn bwysig i bobl â dementia?

<p>Rydyn ni’n gweithio&#8217;n galed i ymgynghori, ymgysylltu a chydgynhyrchu â phobl sydd â phrofiadau byw. Cafodd Safonau Gofal Dementia Cymru Gyfan, yr ydyn ni’n gweithio tuag at eu gweithredu, eu cyd-gynhyrchu gan 1800 o bobl â phrofiad byw. Law yn llaw â hyn rydyn ni wedi cynnal sawl digwyddiad a chyfleoedd i bobl ymuno â ni i ddylanwadu ar newidiadau i wasanaethau, a siarad am y pethau sy&#8217;n bwysig iddyn nhw. Rydyn ni wedi blaenoriaethu gweithio gyda phobl sydd wedi cael profiad byw a byddwn ni’n parhau â&#8217;r sgyrsiau a gawsom, a chyfleoedd i gyd-gynhyrchu a chyd-ddylunio ein gwasanaethau wrth symud ymlaen.</p>

<!-- This site is optimized with the Yoast SEO plugin v26.9 - https://yoast.com/product/yoast-seo-wordpress/ -->
<title>Sut ydych chi&#039;n gwybod bod y blaenoriaethau hyn yn bwysig i bobl â dementia? - CTM</title>
<meta name="robots" content="index, follow, max-snippet:-1, max-image-preview:large, max-video-preview:-1" />
<link rel="canonical" href="https://ctmregionalpartnershipboard.co.uk/cy/faqs/how-do-you-know-these-priorities-matter-to-people-with-dementia/" />
<meta property="og:locale" content="cy_GB" />
<meta property="og:type" content="article" />
<meta property="og:title" content="Sut ydych chi&#039;n gwybod bod y blaenoriaethau hyn yn bwysig i bobl â dementia? - CTM" />
<meta property="og:description" content="Rydyn ni’n gweithio&#8217;n galed i ymgynghori, ymgysylltu a chydgynhyrchu â phobl sydd â phrofiadau byw. Cafodd Safonau Gofal Dementia Cymru Gyfan, yr ydyn ni’n gweithio tuag at eu gweithredu, eu cyd-gynhyrchu gan 1800 o bobl â phrofiad byw. Law yn llaw â hyn rydyn ni wedi cynnal sawl digwyddiad a chyfleoedd i bobl ymuno â [&hellip;]" />
<meta property="og:url" content="https://ctmregionalpartnershipboard.co.uk/cy/faqs/how-do-you-know-these-priorities-matter-to-people-with-dementia/" />
<meta property="og:site_name" content="CTM" />
<meta property="article:modified_time" content="2023-11-01T08:55:48+00:00" />
<meta name="twitter:card" content="summary_large_image" />
<meta name="twitter:label1" content="Est. reading time" />
	<meta name="twitter:data1" content="1 minute" />
<script type="application/ld+json" class="yoast-schema-graph">{"@context":"https://schema.org","@graph":[{"@type":"WebPage","@id":"https://ctmregionalpartnershipboard.co.uk/cy/faqs/how-do-you-know-these-priorities-matter-to-people-with-dementia/","url":"https://ctmregionalpartnershipboard.co.uk/cy/faqs/how-do-you-know-these-priorities-matter-to-people-with-dementia/","name":"Sut ydych chi'n gwybod bod y blaenoriaethau hyn yn bwysig i bobl â dementia? - CTM","isPartOf":{"@id":"https://ctmregionalpartnershipboard.co.uk/#website"},"datePublished":"2023-09-21T13:22:31+00:00","dateModified":"2023-11-01T08:55:48+00:00","breadcrumb":{"@id":"https://ctmregionalpartnershipboard.co.uk/cy/faqs/how-do-you-know-these-priorities-matter-to-people-with-dementia/#breadcrumb"},"inLanguage":"cy-GB","potentialAction":[{"@type":"ReadAction","target":["https://ctmregionalpartnershipboard.co.uk/cy/faqs/how-do-you-know-these-priorities-matter-to-people-with-dementia/"]}]},{"@type":"BreadcrumbList","@id":"https://ctmregionalpartnershipboard.co.uk/cy/faqs/how-do-you-know-these-priorities-matter-to-people-with-dementia/#breadcrumb","itemListElement":[{"@type":"ListItem","position":1,"name":"Home","item":"https://ctmregionalpartnershipboard.co.uk/cy/home-2024/"},{"@type":"ListItem","position":2,"name":"Sut ydych chi&#8217;n gwybod bod y blaenoriaethau hyn yn bwysig i bobl â dementia?"}]},{"@type":"WebSite","@id":"https://ctmregionalpartnershipboard.co.uk/#website","url":"https://ctmregionalpartnershipboard.co.uk/","name":"CTM","description":"Improving the health, social care and wellbeing of people living in Rhondda Cynon Taf, Bridgend and Merthyr Tydfil","potentialAction":[{"@type":"SearchAction","target":{"@type":"EntryPoint","urlTemplate":"https://ctmregionalpartnershipboard.co.uk/?s={search_term_string}"},"query-input":{"@type":"PropertyValueSpecification","valueRequired":true,"valueName":"search_term_string"}}],"inLanguage":"cy-GB"}]}</script>
<!-- / Yoast SEO plugin. -->

Sut ydych chi'n gwybod bod y blaenoriaethau hyn yn bwysig i bobl â dementia? - CTM

Rydyn ni’n gweithio&#8217;n galed i ymgynghori, ymgysylltu a chydgynhyrchu â phobl sydd â phrofiadau byw. Cafodd Safonau Gofal Dementia Cymru Gyfan, yr ydyn ni’n gweithio tuag at eu gweithredu, eu cyd-gynhyrchu gan 1800 o bobl â phrofiad byw. Law yn llaw â hyn rydyn ni wedi cynnal sawl digwyddiad a chyfleoedd i bobl ymuno â [&hellip;]
